= 20*w - 15*w - 160. Calculate the greatest common divisor of 4 and w.
4
Suppose 3*h - 4*b - 358 = -0*h, b = -4. Calculate the highest common factor of 19 and h.
19
Let k be (-4)/(-2) + (-169)/(-13) + 769. What is the highest common factor of 16 and k?
16
Suppose 21*m + 32 = 22*m + y, -5*m - 3*y = -162. What is the highest common divisor of m and 9?
3
Let g(d) = 47*d + 5. Let s(p) = -24*p - 2. Let y(z) = 3*g(z) + 5*s(z). Let t be y(15). Calculate the greatest common factor of 32 and t.
32
Let q be ((-90)/(-8))/((-12)/(-32)). Suppose 0 = -4*y - q + 430. Let f be 2/(-7) - 354/(-14). What is the greatest common factor of y and f?
25
Suppose 0 = -3*n + 4*q + 58, 3*n + 16 = 4*n - 2*q. Suppose n = 4*k - 18. Let o = -1 + k. What is the highest common factor of 40 and o?
10
Let g = 54 - 49. Suppose -82 = -g*l + 18. What is the greatest common factor of 100 and l?
20
Suppose 0 = 28*v - 11*v - 2618. What is the highest common factor of 22 and v?
22
Suppose -2*y + 7*y - 135 = 0. Let a = 38 + -7. Suppose -5*w = 3*h - a, -5*w - 2 = -y. What is the highest common divisor of 18 and h?
2
Let d(h) = -h + 4. Let r be d(0). Let n(u) = 2*u**3 + 16*u**2 + 10*u - 24. Let b be n(-7). What is the greatest common divisor of r and b?
4
Let y(i) = -i**3 + 1. Let p be y(-1). Let z be 22 - ((1 - -2) + p/(-2)). Calculate the highest common divisor of z and 160.
20
Let r(a) = 2093*a - 208. Let p be r(2). Calculate the highest common factor of 102 and p.
102
Suppose -4*l + 36 = -7*l. Let v be 490/18 - l/(-54). Let f = v - 21. What is the greatest common divisor of f and 6?
6
Suppose -339 = -8*i - 83. What is the highest common divisor of 18 and i?
2
Suppose 0 = 14*u - 17*u + 114. Let x = u + 82. What is the highest common factor of x and 15?
15
Suppose -139 - 321 = -4*x. Suppose 3*k + 7 = x. Suppose 4*p - 5*n - 68 = 0, 3*p - p - 3*n = k. What is the greatest common divisor of 108 and p?
12
Let z be (30/9)/(2/3). Suppose 4*d + z*q = 6, d + 3*d - 2*q = -8. Let y = d + 13. What is the greatest common factor of y and 12?
12
Let x = 720 - 695. What is the highest common factor of x and 150?
25
Suppose 51 = 4*g - 0*q + 3*q, -5*g + 2*q = -81. Let t be 50*(0 - (-6)/g). Suppose 0 = -0*f - f + t. What is the highest common divisor of 8 and f?
4
Let r be 0 + (-2)/3*-30. Let b(v) = -2*v**3 - 15*v**2 + 2*v - 6. Let k be b(-7). Let s = -59 - k. What is the greatest common divisor of r and s?
10
Let d(c) = -7*c**3 - 7*c**2 + 3*c + 10. Let i be d(-2). Let h = 71 - 7. What is the highest common divisor of i and h?
32
Let h(r) = 6*r - 88. Suppose -98 = -12*x + 106. Let z be h(x). Calculate the highest common divisor of 2 and z.
2
Suppose 0 = 35*l - 2500 + 785. Calculate the greatest common factor of 1225 and l.
49
Suppose 0 = 2*f + 10, -2*l + 803 = -4*f + 5*f. Suppose -5*o + 388 = -o + 2*q, -l = -4*o + 2*q. What is the greatest common divisor of 9 and o?
9
Let a(f) = f**3 - 5*f**2 - 17. Let c be a(5). Let j = c - -37. Calculate the greatest common factor of j and 140.
20
Let p = 11 - -13. Calculate the highest common divisor of 120 and p.
24
Let m(p) = 20 - 20 + 10*p. Let d be m(1). Let g be 142/10 + 8/d. Calculate the highest common factor of g and 30.
15
Let n be 2*(3 + (-1 - -10)). Let b = -257 - -275. What is the greatest common factor of n and b?
6
Let w(i) = -27*i - 13. Let b be w(-1). Calculate the greatest common factor of b and 42.
14
Suppose -t = 7 + 3. Let d be (-1)/(-2) + (-215)/t. What is the highest common factor of 198 and d?
22
Let o(s) = -77*s. Let j be o(-1). Suppose -n = -v - 29, 3*v - 5*n + 50 = -37. Let i = v + j. Calculate the greatest common divisor of 24 and i.
24
Suppose 3*b - 6 = 15. Suppose 6*k - k - 2*a = 41, k - a - b = 0. What is the highest common factor of 9 and k?
9
Suppose -24*t - 288 = -1344. What is the greatest common factor of 12 and t?
4
Suppose 9*c - 33*c = -2736. What is the greatest common divisor of 1178 and c?
38
Suppose 17*j = 35*j - 13932. What is the highest common factor of j and 18?
18
Let r(d) = -19*d + 25. Let u be r(-12). Suppose -88 = 3*i - u. Calculate the greatest common divisor of i and 22.
11
Let w(i) = 6*i**2 + 1 - 3*i**2 + 2 - 6*i + 7*i. Let d be w(-2). Suppose 4*m + d = 61. What is the highest common divisor of m and 4?
4
Suppose -5*y = 3*u - 213, -5*u - 17*y + 16*y = -333. Suppose -64 - 35 = -k. What is the greatest common divisor of k and u?
33
Let r(d) be the first derivative of -3*d**2/2 - 4*d - 13. Let y be r(-6). What is the greatest common factor of y and 56?
14
Let w(t) = -t**2 + 14*t - 13. Let f be w(13). Let p be (-1 - f)/(4/(-8)). Suppose -p*i - 81 = -251. Calculate the greatest common factor of 17 and i.
17
Let s(d) = d**3 - 28*d + 59*d - 4 - 23*d - 7*d**2 + 19*d**2. Let h be s(-11). Calculate the highest common divisor of h and 232.
29
Suppose -9*i + 198 = -15*i. Let f = i + 42. Calculate the highest common divisor of 63 and f.
9
Let t(z) be the second derivative of z**5/20 + 4*z**4/3 - 3*z**3 + 4*z**2 - 17*z. Let h be t(-17). What is the highest common factor of 5 and h?
5
Suppose u - 15 = h - 4, h + 5 = 0. Calculate the highest common factor of 102 and u.
6
Let k(l) = 56*l**2 + 3*l - 3. Let m be k(1). Calculate the greatest common factor of m and 8.
8
Let h(u) = u**2 - 5*u + 53. Let c be h(4). What is the greatest common divisor of 3 and c?
1
Suppose -33*j = -22*j - 561. Calculate the highest common divisor of 3 and j.
3
Let n(f) = -50*f + 112. Let b be n(0). What is the highest common factor of 28 and b?
28
Suppose 50*f - 53*f + 1 + 8 = 0. Suppose -k = 4*k - 285. What is the highest common divisor of k and f?
3
Let u = 2985 + -2949. Let t(q) = 3*q**2 - q. Let w be t(3). Calculate the highest common factor of w and u.
12
Suppose u + u = 10. Let g = u - 4. Let y(p) = 12*p - 1. Let l be y(g). Calculate the greatest common divisor of l and 99.
11
Let g be ((-28)/35)/(4/50). Let q = g + 14. Calculate the greatest common factor of 10 and q.
2
Let z(g) = g**3 - 21*g**2 - 19*g - 25. Let w be z(22). Suppose -i - 4*b - 2 = 0, w = 5*i - 2*b - 59. What is the greatest common factor of i and 9?
9
Let m be 137/5 - 2/5. Let s = -1008 + 1044. What is the greatest common divisor of s and m?
9
Let n(r) = r**3 - 20*r**2 + 13*r - 124. Let o be n(20). What is the greatest common factor of 16 and o?
8
Suppose -5*j + 0*j = -50. Suppose 2*g - 9 = -5*b, 7*g + 4*b = 2*g + 14. Let i = j - g. Calculate the greatest common factor of i and 12.
4
Let j be (171040/(-36))/(-10) - 1/9. What is the greatest common factor of 114 and j?
19
Let m be 57*-1*(-23)/((-690)/(-1960)). What is the highest common factor of m and 76?
76
Let c(o) = -1675*o**3 + o**2 + 1. Let b be c(-1). What is the highest common divisor of 258 and b?
129
Suppose -32*q = -26*q - 624. Calculate the greatest common factor of 52 and q.
52
Suppose 2*b = s + 3 - 0, 0 = 3*s + 4*b - 21. What is the highest common divisor of s and 288?
3
Suppose -1895 = 36*v - 4703. Calculate the greatest common divisor of v and 2.
2
Let d(m) = 3*m**2 - 43*m - 34. Let i be d(16). What is the highest common divisor of i and 391?
23
Let n(m) = -m**3 + 5*m + 10*m + m**2 + 92 - 23*m + 7*m. Let w = 2 - 2. Let u be n(w). Calculate the greatest common divisor of 23 and u.
23
Let c(s) = s**3 + 14*s**2 + 12*s - 1. Let v be c(-10). Suppose 2*t - v = -7*t. What is the highest common divisor of 62 and t?
31
Suppose -3*t - 4*a = -29, 5*a = -21 + 1. Let h(k) = -8*k - 10 + t + 8 + 9*k. Let s be h(-7). Calculate the highest common factor of 66 and s.
6
Let r(s) be the second derivative of -s**3/2 - 21*s**2/2 + 22*s. Let k be r(-12). What is the highest common divisor of 135 and k?
15
Suppose 0 = -3*w, 5 = -5*l - 2*w - 3*w. Let v be ((-36)/4)/(l - (-21)/30). Let p = 22 + -16. What is the greatest common factor of p and v?
6
Suppose -2*j + 136 = 4*m, j + 2*j + 60 = 2*m. What is the greatest common factor of 66 and m?
33
Let u(n) = -29*n - 124. Let w be u(-12). What is the highest common divisor of w and 28?
28
Let v be (5 + 1 + -4)/1. Suppose -2*b - 8 = -v*g, -2*b = 6 - 0. Let j be 44/12 - 2/(-6). What is the highest common factor of g and j?
1
Suppose 19*z - 17*z - 11 = -r, 0 = 2*z - r - 13. What is the greatest common divisor of 30 and z?
6
Suppose s + 24*j - 3 = 20*j, 3*s - 5*j - 26 = 0. Let u = -5 + 8. Suppose -u*g